[INFO] cloning repository https://github.com/mrtambour/psychic-doodle
[INFO] running `Command { std: "git" "-c" "credential.helper=" "-c" "credential.helper=/workspace/cargo-home/bin/git-credential-null" "clone" "--bare" "https://github.com/mrtambour/psychic-doodle" "/workspace/cache/git-repos/https%3A%2F%2Fgithub.com%2Fmrtambour%2Fpsychic-doodle", kill_on_drop: false }`
[INFO] [stderr] Cloning into bare repository '/workspace/cache/git-repos/https%3A%2F%2Fgithub.com%2Fmrtambour%2Fpsychic-doodle'...
[INFO] running `Command { std: "git" "rev-parse" "HEAD", kill_on_drop: false }`
[INFO] [stdout] 81609f43e2cc316e3de3b242652d534c0a2e015b
[INFO] checking mrtambour/psychic-doodle against try#72f88fc4e9458f89516a0b8b0868f3718aec5b47 for pr-74989
[INFO] running `Command { std: "git" "clone" "/workspace/cache/git-repos/https%3A%2F%2Fgithub.com%2Fmrtambour%2Fpsychic-doodle" "/workspace/builds/worker-12/source", kill_on_drop: false }`
[INFO] [stderr] Cloning into '/workspace/builds/worker-12/source'...
[INFO] [stderr] done.
[INFO] validating manifest of git repo https://github.com/mrtambour/psychic-doodle on toolchain 72f88fc4e9458f89516a0b8b0868f3718aec5b47
[INFO] running `Command { std: "/workspace/cargo-home/bin/cargo" "+72f88fc4e9458f89516a0b8b0868f3718aec5b47" "read-manifest" "--manifest-path" "Cargo.toml", kill_on_drop: false }`
[INFO] started tweaking git repo https://github.com/mrtambour/psychic-doodle
[INFO] finished tweaking git repo https://github.com/mrtambour/psychic-doodle
[INFO] tweaked toml for git repo https://github.com/mrtambour/psychic-doodle written to /workspace/builds/worker-12/source/Cargo.toml
[INFO] crate git repo https://github.com/mrtambour/psychic-doodle already has a lockfile, it will not be regenerated
[INFO] running `Command { std: "/workspace/cargo-home/bin/cargo" "+72f88fc4e9458f89516a0b8b0868f3718aec5b47" "fetch" "--locked" "--manifest-path" "Cargo.toml", kill_on_drop: false }`
[INFO] [stderr]     Updating git repository `https://github.com/saurvs/nfd-rs`
[INFO] [stderr]     Updating git submodule `https://github.com/mlabbe/nativefiledialog`
[INFO] [stderr]  Downloading crates ...
[INFO] [stderr]   Downloaded unrar v0.4.3
[INFO] [stderr]   Downloaded libflate v0.1.21
[INFO] [stderr]   Downloaded zip v0.5.2
[INFO] [stderr]   Downloaded bzip2-sys v0.1.7
[INFO] [stderr]   Downloaded unrar_sys v0.2.0
[INFO] running `Command { std: "docker" "create" "-v" "/var/lib/crater-agent-workspace/builds/worker-12/target:/opt/rustwide/target:rw,Z" "-v" "/var/lib/crater-agent-workspace/builds/worker-12/source:/opt/rustwide/workdir:ro,Z" "-v" "/var/lib/crater-agent-workspace/cargo-home:/opt/rustwide/cargo-home:ro,Z" "-v" "/var/lib/crater-agent-workspace/rustup-home:/opt/rustwide/rustup-home:ro,Z" "-e" "SOURCE_DIR=/opt/rustwide/workdir" "-e" "CARGO_TARGET_DIR=/opt/rustwide/target" "-e" "CARGO_HOME=/opt/rustwide/cargo-home" "-e" "RUSTUP_HOME=/opt/rustwide/rustup-home" "-w" "/opt/rustwide/workdir" "-m" "1610612736" "--user" "0:0" "--network" "none" "rustops/crates-build-env@sha256:d92eaeed33fa75130ca1ee6c8a01d1ffb62bac859dfdfb3450e3e5d1c0146529" "/opt/rustwide/cargo-home/bin/cargo" "+72f88fc4e9458f89516a0b8b0868f3718aec5b47" "metadata" "--no-deps" "--format-version=1", kill_on_drop: false }`
[INFO] [stderr] WARNING: Your kernel does not support swap limit capabilities or the cgroup is not mounted. Memory limited without swap.
[INFO] [stdout] 252e86f498e0636932d63ecbb18f6b5aee54d0975a168fadf3cd134fe60fedbf
[INFO] running `Command { std: "docker" "start" "-a" "252e86f498e0636932d63ecbb18f6b5aee54d0975a168fadf3cd134fe60fedbf", kill_on_drop: false }`
[INFO] running `Command { std: "docker" "inspect" "252e86f498e0636932d63ecbb18f6b5aee54d0975a168fadf3cd134fe60fedbf", kill_on_drop: false }`
[INFO] running `Command { std: "docker" "rm" "-f" "252e86f498e0636932d63ecbb18f6b5aee54d0975a168fadf3cd134fe60fedbf", kill_on_drop: false }`
[INFO] [stdout] 252e86f498e0636932d63ecbb18f6b5aee54d0975a168fadf3cd134fe60fedbf
[INFO] running `Command { std: "docker" "create" "-v" "/var/lib/crater-agent-workspace/builds/worker-12/target:/opt/rustwide/target:rw,Z" "-v" "/var/lib/crater-agent-workspace/builds/worker-12/source:/opt/rustwide/workdir:ro,Z" "-v" "/var/lib/crater-agent-workspace/cargo-home:/opt/rustwide/cargo-home:ro,Z" "-v" "/var/lib/crater-agent-workspace/rustup-home:/opt/rustwide/rustup-home:ro,Z" "-e" "SOURCE_DIR=/opt/rustwide/workdir" "-e" "CARGO_TARGET_DIR=/opt/rustwide/target" "-e" "CARGO_INCREMENTAL=0" "-e" "RUST_BACKTRACE=full" "-e" "RUSTFLAGS=--cap-lints=forbid" "-e" "CARGO_HOME=/opt/rustwide/cargo-home" "-e" "RUSTUP_HOME=/opt/rustwide/rustup-home" "-w" "/opt/rustwide/workdir" "-m" "1610612736" "--user" "0:0" "--network" "none" "rustops/crates-build-env@sha256:d92eaeed33fa75130ca1ee6c8a01d1ffb62bac859dfdfb3450e3e5d1c0146529" "/opt/rustwide/cargo-home/bin/cargo" "+72f88fc4e9458f89516a0b8b0868f3718aec5b47" "check" "--frozen" "--all" "--all-targets" "--message-format=json", kill_on_drop: false }`
[INFO] [stdout] 284f895cf71a0079896c3c6777d6ae1422d3a27f08d364e6e923ac1be874d344
[INFO] [stderr] WARNING: Your kernel does not support swap limit capabilities or the cgroup is not mounted. Memory limited without swap.
[INFO] running `Command { std: "docker" "start" "-a" "284f895cf71a0079896c3c6777d6ae1422d3a27f08d364e6e923ac1be874d344", kill_on_drop: false }`
[INFO] [stderr]    Compiling num-traits v0.2.6
[INFO] [stderr]    Compiling num-integer v0.1.39
[INFO] [stderr]     Checking cfg-if v0.1.7
[INFO] [stderr]    Compiling cc v1.0.34
[INFO] [stderr]    Compiling crc32fast v1.2.0
[INFO] [stderr]     Checking libc v0.1.12
[INFO] [stderr]     Checking bitflags v0.6.0
[INFO] [stderr]    Compiling unrar_sys v0.2.0
[INFO] [stderr]    Compiling nfd v0.0.4 (https://github.com/saurvs/nfd-rs#07578c5f)
[INFO] [stderr]     Checking rand v0.4.6
[INFO] [stderr]     Checking memchr v0.1.11
[INFO] [stderr]     Checking thread-id v2.0.0
[INFO] [stderr]     Checking log v0.4.6
[INFO] [stderr]     Checking thread_local v0.2.7
[INFO] [stderr]     Checking aho-corasick v0.5.3
[INFO] [stderr]     Checking log v0.3.9
[INFO] [stderr]     Checking regex v0.1.80
[INFO] [stderr]     Checking libflate v0.1.21
[INFO] [stderr]    Compiling bzip2-sys v0.1.7
[INFO] [stderr]     Checking num-complex v0.1.43
[INFO] [stderr]     Checking num-traits v0.1.43
[INFO] [stderr]     Checking enum_primitive v0.1.1
[INFO] [stderr]     Checking num-bigint v0.1.44
[INFO] [stderr]     Checking num-iter v0.1.37
[INFO] [stderr]     Checking bzip2 v0.3.3
[INFO] [stderr]     Checking zip v0.5.2
[INFO] [stderr]     Checking num-rational v0.1.42
[INFO] [stderr]     Checking num v0.1.42
[INFO] [stderr]     Checking unrar v0.4.3
[INFO] [stderr]     Checking psychic-doodle v0.1.0 (/opt/rustwide/workdir)
[INFO] [stdout] error: format argument must be a string literal
[INFO] [stdout]   --> src/main.rs:80:18
[INFO] [stdout]    |
[INFO] [stdout] 80 |           println!(format!(
[INFO] [stdout]    |  __________________^
[INFO] [stdout] 81 | |             "Leave original file is set to {}, would you like to change it?",
[INFO] [stdout] 82 | |             LEAVE_ORIGINAL_FILE
[INFO] [stdout] 83 | |         ));
[INFO] [stdout]    | |_________^
[INFO] [stdout]    |
[INFO] [stdout]    = note: this error originates in a macro (in Nightly builds, run with -Z macro-backtrace for more info)
[INFO] [stdout] help: you might be missing a string literal to format with
[INFO] [stdout]    |
[INFO] [stdout] 80 |         println!("{}", format!(
[INFO] [stdout]    |                  ^^^^^
[INFO] [stdout] 
[INFO] [stdout] 
[INFO] [stdout] error: format argument must be a string literal
[INFO] [stdout]   --> src/main.rs:80:18
[INFO] [stdout]    |
[INFO] [stdout] 80 |           println!(format!(
[INFO] [stdout]    |  __________________^
[INFO] [stdout] 81 | |             "Leave original file is set to {}, would you like to change it?",
[INFO] [stdout] 82 | |             LEAVE_ORIGINAL_FILE
[INFO] [stdout] 83 | |         ));
[INFO] [stdout]    | |_________^
[INFO] [stdout]    |
[INFO] [stdout]    = note: this error originates in a macro (in Nightly builds, run with -Z macro-backtrace for more info)
[INFO] [stdout] help: you might be missing a string literal to format with
[INFO] [stdout]    |
[INFO] [stdout] 80 |         println!("{}", format!(
[INFO] [stdout]    |                  ^^^^^
[INFO] [stdout] 
[INFO] [stdout] 
[INFO] [stdout] error[E0425]: cannot find value `archives_list` in this scope
[INFO] [stdout]   --> src/main.rs:44:13
[INFO] [stdout]    |
[INFO] [stdout] 44 |             archives_list.push(file_name);
[INFO] [stdout]    |             ^^^^^^^^^^^^^ help: a local variable with a similar name exists: `rar_archives_list`
[INFO] [stdout] 
[INFO] [stdout] 
[INFO] [stdout] error[E0425]: cannot find value `tmp_dir` in this scope
[INFO] [stdout]    --> src/main.rs:146:29
[INFO] [stdout]     |
[INFO] [stdout] 146 |                 .extract_to(tmp_dir.path().as_os_str().to_str().unwrap().to_string())
[INFO] [stdout]     |                             ^^^^^^^ not found in this scope
[INFO] [stdout] 
[INFO] [stdout] 
[INFO] [stdout] error[E0425]: cannot find value `tmp_dir` in this scope
[INFO] [stdout]    --> src/main.rs:152:45
[INFO] [stdout]     |
[INFO] [stdout] 152 |             for comic_file in fs::read_dir(&tmp_dir).expect("error reading temporary directory") {
[INFO] [stdout]     |                                             ^^^^^^^ not found in this scope
[INFO] [stdout] 
[INFO] [stdout] 
[INFO] [stdout] error[E0425]: cannot find value `tmp_dir` in this scope
[INFO] [stdout]    --> src/main.rs:165:29
[INFO] [stdout]     |
[INFO] [stdout] 165 |                 .extract_to(tmp_dir.path().as_os_str().to_str().unwrap().to_string())
[INFO] [stdout]     |                             ^^^^^^^ not found in this scope
[INFO] [stdout] 
[INFO] [stdout] 
[INFO] [stdout] error[E0425]: cannot find value `tmp_dir` in this scope
[INFO] [stdout]    --> src/main.rs:171:45
[INFO] [stdout]     |
[INFO] [stdout] 171 |             for comic_file in fs::read_dir(&tmp_dir).expect("error reading temporary directory") {
[INFO] [stdout]     |                                             ^^^^^^^ not found in this scope
[INFO] [stdout] 
[INFO] [stdout] 
[INFO] [stdout] warning: unused import: `nfd::Response`
[INFO] [stdout]  --> src/main.rs:4:5
[INFO] [stdout]   |
[INFO] [stdout] 4 | use nfd::Response;
[INFO] [stdout]   |     ^^^^^^^^^^^^^
[INFO] [stdout]   |
[INFO] [stdout]   = note: `#[warn(unused_imports)]` on by default
[INFO] [stdout] 
[INFO] [stdout] 
[INFO] [stdout] warning: unused import: `DirBuilder`
[INFO] [stdout]  --> src/main.rs:5:15
[INFO] [stdout]   |
[INFO] [stdout] 5 | use std::fs::{DirBuilder, File};
[INFO] [stdout]   |               ^^^^^^^^^^
[INFO] [stdout] 
[INFO] [stdout] 
[INFO] [stdout] error[E0425]: cannot find value `archives_list` in this scope
[INFO] [stdout]   --> src/main.rs:44:13
[INFO] [stdout]    |
[INFO] [stdout] 44 |             archives_list.push(file_name);
[INFO] [stdout]    |             ^^^^^^^^^^^^^ help: a local variable with a similar name exists: `rar_archives_list`
[INFO] [stdout] 
[INFO] [stdout] 
[INFO] [stdout] error[E0425]: cannot find value `tmp_dir` in this scope
[INFO] [stdout]    --> src/main.rs:146:29
[INFO] [stdout]     |
[INFO] [stdout] 146 |                 .extract_to(tmp_dir.path().as_os_str().to_str().unwrap().to_string())
[INFO] [stdout]     |                             ^^^^^^^ not found in this scope
[INFO] [stdout] 
[INFO] [stdout] 
[INFO] [stdout] error[E0425]: cannot find value `tmp_dir` in this scope
[INFO] [stdout]    --> src/main.rs:152:45
[INFO] [stdout]     |
[INFO] [stdout] 152 |             for comic_file in fs::read_dir(&tmp_dir).expect("error reading temporary directory") {
[INFO] [stdout]     |                                             ^^^^^^^ not found in this scope
[INFO] [stdout] 
[INFO] [stdout] 
[INFO] [stdout] error[E0425]: cannot find value `tmp_dir` in this scope
[INFO] [stdout]    --> src/main.rs:165:29
[INFO] [stdout]     |
[INFO] [stdout] 165 |                 .extract_to(tmp_dir.path().as_os_str().to_str().unwrap().to_string())
[INFO] [stdout]     |                             ^^^^^^^ not found in this scope
[INFO] [stdout] 
[INFO] [stdout] 
[INFO] [stdout] error[E0425]: cannot find value `tmp_dir` in this scope
[INFO] [stdout]    --> src/main.rs:171:45
[INFO] [stdout]     |
[INFO] [stdout] 171 |             for comic_file in fs::read_dir(&tmp_dir).expect("error reading temporary directory") {
[INFO] [stdout]     |                                             ^^^^^^^ not found in this scope
[INFO] [stdout] 
[INFO] [stdout] 
[INFO] [stdout] warning: unused import: `nfd::Response`
[INFO] [stdout]  --> src/main.rs:4:5
[INFO] [stdout]   |
[INFO] [stdout] 4 | use nfd::Response;
[INFO] [stdout]   |     ^^^^^^^^^^^^^
[INFO] [stdout]   |
[INFO] [stdout]   = note: `#[warn(unused_imports)]` on by default
[INFO] [stdout] 
[INFO] [stdout] 
[INFO] [stdout] warning: unused import: `DirBuilder`
[INFO] [stdout]  --> src/main.rs:5:15
[INFO] [stdout]   |
[INFO] [stdout] 5 | use std::fs::{DirBuilder, File};
[INFO] [stdout]   |               ^^^^^^^^^^
[INFO] [stdout] 
[INFO] [stdout] 
[INFO] [stdout] error[E0369]: binary operation `==` cannot be applied to type `std::result::Result<String, std::io::Error>`
[INFO] [stdout]   --> src/main.rs:56:17
[INFO] [stdout]    |
[INFO] [stdout] 56 |         if line == "process_zip=false" {
[INFO] [stdout]    |            ---- ^^ ------------------- &str
[INFO] [stdout]    |            |
[INFO] [stdout]    |            std::result::Result<String, std::io::Error>
[INFO] [stdout] 
[INFO] [stdout] 
[INFO] [stdout] error[E0614]: type `bool` cannot be dereferenced
[INFO] [stdout]   --> src/main.rs:57:13
[INFO] [stdout]    |
[INFO] [stdout] 57 |             *PROCESS_ZIP = false;
[INFO] [stdout]    |             ^^^^^^^^^^^^
[INFO] [stdout] 
[INFO] [stdout] 
[INFO] [stdout] error[E0369]: binary operation `==` cannot be applied to type `std::result::Result<String, std::io::Error>`
[INFO] [stdout]   --> src/main.rs:58:24
[INFO] [stdout]    |
[INFO] [stdout] 58 |         } else if line == "process_rar=false" {
[INFO] [stdout]    |                   ---- ^^ ------------------- &str
[INFO] [stdout]    |                   |
[INFO] [stdout]    |                   std::result::Result<String, std::io::Error>
[INFO] [stdout] 
[INFO] [stdout] 
[INFO] [stdout] error[E0614]: type `bool` cannot be dereferenced
[INFO] [stdout]   --> src/main.rs:59:13
[INFO] [stdout]    |
[INFO] [stdout] 59 |             *PROCESS_RAR == false;
[INFO] [stdout]    |             ^^^^^^^^^^^^
[INFO] [stdout] 
[INFO] [stdout] 
[INFO] [stdout] error[E0369]: binary operation `==` cannot be applied to type `std::result::Result<String, std::io::Error>`
[INFO] [stdout]   --> src/main.rs:60:24
[INFO] [stdout]    |
[INFO] [stdout] 60 |         } else if line == "leave_original_file=false" {
[INFO] [stdout]    |                   ---- ^^ --------------------------- &str
[INFO] [stdout]    |                   |
[INFO] [stdout]    |                   std::result::Result<String, std::io::Error>
[INFO] [stdout] 
[INFO] [stdout] 
[INFO] [stdout] error[E0614]: type `bool` cannot be dereferenced
[INFO] [stdout]   --> src/main.rs:61:13
[INFO] [stdout]    |
[INFO] [stdout] 61 |             *LEAVE_ORIGINAL_FILE == false;
[INFO] [stdout]    |             ^^^^^^^^^^^^^^^^^^^^
[INFO] [stdout] 
[INFO] [stdout] 
[INFO] [stdout] error[E0308]: mismatched types
[INFO] [stdout]   --> src/main.rs:62:19
[INFO] [stdout]    |
[INFO] [stdout] 62 |         } else if &PROCESS_ZIP && *PROCESS_RAR == false {
[INFO] [stdout]    |                   ^^^^^^^^^^^^
[INFO] [stdout]    |                   |
[INFO] [stdout]    |                   expected `bool`, found `&bool`
[INFO] [stdout]    |                   help: consider removing the borrow: `PROCESS_ZIP`
[INFO] [stdout] 
[INFO] [stdout] 
[INFO] [stdout] error[E0614]: type `bool` cannot be dereferenced
[INFO] [stdout]   --> src/main.rs:62:35
[INFO] [stdout]    |
[INFO] [stdout] 62 |         } else if &PROCESS_ZIP && *PROCESS_RAR == false {
[INFO] [stdout]    |                                   ^^^^^^^^^^^^
[INFO] [stdout] 
[INFO] [stdout] 
[INFO] [stdout] error[E0369]: binary operation `==` cannot be applied to type `std::result::Result<String, std::io::Error>`
[INFO] [stdout]   --> src/main.rs:56:17
[INFO] [stdout]    |
[INFO] [stdout] 56 |         if line == "process_zip=false" {
[INFO] [stdout]    |            ---- ^^ ------------------- &str
[INFO] [stdout]    |            |
[INFO] [stdout]    |            std::result::Result<String, std::io::Error>
[INFO] [stdout] 
[INFO] [stdout] 
[INFO] [stdout] error[E0614]: type `bool` cannot be dereferenced
[INFO] [stdout]   --> src/main.rs:57:13
[INFO] [stdout]    |
[INFO] [stdout] 57 |             *PROCESS_ZIP = false;
[INFO] [stdout]    |             ^^^^^^^^^^^^
[INFO] [stdout] 
[INFO] [stdout] 
[INFO] [stdout] error[E0369]: binary operation `==` cannot be applied to type `std::result::Result<String, std::io::Error>`
[INFO] [stdout]   --> src/main.rs:58:24
[INFO] [stdout]    |
[INFO] [stdout] 58 |         } else if line == "process_rar=false" {
[INFO] [stdout]    |                   ---- ^^ ------------------- &str
[INFO] [stdout]    |                   |
[INFO] [stdout]    |                   std::result::Result<String, std::io::Error>
[INFO] [stdout] 
[INFO] [stdout] 
[INFO] [stdout] error[E0614]: type `bool` cannot be dereferenced
[INFO] [stdout]   --> src/main.rs:59:13
[INFO] [stdout]    |
[INFO] [stdout] 59 |             *PROCESS_RAR == false;
[INFO] [stdout]    |             ^^^^^^^^^^^^
[INFO] [stdout] 
[INFO] [stdout] 
[INFO] [stdout] error[E0369]: binary operation `==` cannot be applied to type `std::result::Result<String, std::io::Error>`
[INFO] [stdout]   --> src/main.rs:60:24
[INFO] [stdout]    |
[INFO] [stdout] 60 |         } else if line == "leave_original_file=false" {
[INFO] [stdout]    |                   ---- ^^ --------------------------- &str
[INFO] [stdout]    |                   |
[INFO] [stdout]    |                   std::result::Result<String, std::io::Error>
[INFO] [stdout] 
[INFO] [stdout] 
[INFO] [stdout] error[E0614]: type `bool` cannot be dereferenced
[INFO] [stdout]   --> src/main.rs:61:13
[INFO] [stdout]    |
[INFO] [stdout] 61 |             *LEAVE_ORIGINAL_FILE == false;
[INFO] [stdout]    |             ^^^^^^^^^^^^^^^^^^^^
[INFO] [stdout] 
[INFO] [stdout] 
[INFO] [stdout] error[E0308]: mismatched types
[INFO] [stdout]   --> src/main.rs:62:19
[INFO] [stdout]    |
[INFO] [stdout] 62 |         } else if &PROCESS_ZIP && *PROCESS_RAR == false {
[INFO] [stdout]    |                   ^^^^^^^^^^^^
[INFO] [stdout]    |                   |
[INFO] [stdout]    |                   expected `bool`, found `&bool`
[INFO] [stdout]    |                   help: consider removing the borrow: `PROCESS_ZIP`
[INFO] [stdout] 
[INFO] [stdout] 
[INFO] [stdout] error[E0614]: type `bool` cannot be dereferenced
[INFO] [stdout]   --> src/main.rs:62:35
[INFO] [stdout]    |
[INFO] [stdout] 62 |         } else if &PROCESS_ZIP && *PROCESS_RAR == false {
[INFO] [stdout]    |                                   ^^^^^^^^^^^^
[INFO] [stdout] 
[INFO] [stdout] 
[INFO] [stdout] error[E0277]: can't compare `String` with `{integer}`
[INFO] [stdout]   --> src/main.rs:68:29
[INFO] [stdout]    |
[INFO] [stdout] 68 |             if input_buffer == 1 {
[INFO] [stdout]    |                             ^^ no implementation for `String == {integer}`
[INFO] [stdout]    |
[INFO] [stdout]    = help: the trait `PartialEq<{integer}>` is not implemented for `String`
[INFO] [stdout] 
[INFO] [stdout] 
[INFO] [stdout] error[E0614]: type `bool` cannot be dereferenced
[INFO] [stdout]   --> src/main.rs:69:17
[INFO] [stdout]    |
[INFO] [stdout] 69 |                 *PROCESS_ZIP = true;
[INFO] [stdout]    |                 ^^^^^^^^^^^^
[INFO] [stdout] 
[INFO] [stdout] 
[INFO] [stdout] error[E0614]: type `bool` cannot be dereferenced
[INFO] [stdout]   --> src/main.rs:70:17
[INFO] [stdout]    |
[INFO] [stdout] 70 |                 *PROCESS_RAR = false;
[INFO] [stdout]    |                 ^^^^^^^^^^^^
[INFO] [stdout] 
[INFO] [stdout] 
[INFO] [stdout] error[E0277]: can't compare `String` with `{integer}`
[INFO] [stdout]   --> src/main.rs:71:36
[INFO] [stdout]    |
[INFO] [stdout] 71 |             } else if input_buffer == 2 {
[INFO] [stdout]    |                                    ^^ no implementation for `String == {integer}`
[INFO] [stdout]    |
[INFO] [stdout]    = help: the trait `PartialEq<{integer}>` is not implemented for `String`
[INFO] [stdout] 
[INFO] [stdout] 
[INFO] [stdout] error[E0614]: type `bool` cannot be dereferenced
[INFO] [stdout]   --> src/main.rs:72:17
[INFO] [stdout]    |
[INFO] [stdout] 72 |                 *PROCESS_ZIP = false;
[INFO] [stdout]    |                 ^^^^^^^^^^^^
[INFO] [stdout] 
[INFO] [stdout] 
[INFO] [stdout] error[E0614]: type `bool` cannot be dereferenced
[INFO] [stdout]   --> src/main.rs:73:17
[INFO] [stdout]    |
[INFO] [stdout] 73 |                 *PROCESS_RAR = true;
[INFO] [stdout]    |                 ^^^^^^^^^^^^
[INFO] [stdout] 
[INFO] [stdout] 
[INFO] [stdout] error[E0277]: can't compare `String` with `{integer}`
[INFO] [stdout]   --> src/main.rs:74:36
[INFO] [stdout]    |
[INFO] [stdout] 74 |             } else if input_buffer == 3 {
[INFO] [stdout]    |                                    ^^ no implementation for `String == {integer}`
[INFO] [stdout]    |
[INFO] [stdout]    = help: the trait `PartialEq<{integer}>` is not implemented for `String`
[INFO] [stdout] 
[INFO] [stdout] 
[INFO] [stdout] error[E0614]: type `bool` cannot be dereferenced
[INFO] [stdout]   --> src/main.rs:75:17
[INFO] [stdout]    |
[INFO] [stdout] 75 |                 *PROCESS_ZIP = true;
[INFO] [stdout]    |                 ^^^^^^^^^^^^
[INFO] [stdout] 
[INFO] [stdout] 
[INFO] [stdout] error[E0614]: type `bool` cannot be dereferenced
[INFO] [stdout]   --> src/main.rs:76:17
[INFO] [stdout]    |
[INFO] [stdout] 76 |                 *PROCESS_RAR = true;
[INFO] [stdout]    |                 ^^^^^^^^^^^^
[INFO] [stdout] 
[INFO] [stdout] 
[INFO] [stdout] error[E0277]: can't compare `String` with `{integer}`
[INFO] [stdout]   --> src/main.rs:87:32
[INFO] [stdout]    |
[INFO] [stdout] 87 |         if file_setting_buffer == 1 {
[INFO] [stdout]    |                                ^^ no implementation for `String == {integer}`
[INFO] [stdout]    |
[INFO] [stdout]    = help: the trait `PartialEq<{integer}>` is not implemented for `String`
[INFO] [stdout] 
[INFO] [stdout] 
[INFO] [stdout] error[E0277]: can't compare `String` with `{integer}`
[INFO] [stdout]   --> src/main.rs:89:39
[INFO] [stdout]    |
[INFO] [stdout] 89 |         } else if file_setting_buffer == 2 {
[INFO] [stdout]    |                                       ^^ no implementation for `String == {integer}`
[INFO] [stdout]    |
[INFO] [stdout]    = help: the trait `PartialEq<{integer}>` is not implemented for `String`
[INFO] [stdout] 
[INFO] [stdout] 
[INFO] [stdout] error[E0614]: type `bool` cannot be dereferenced
[INFO] [stdout]   --> src/main.rs:91:17
[INFO] [stdout]    |
[INFO] [stdout] 91 |                 *LEAVE_ORIGINAL_FILE = false;
[INFO] [stdout]    |                 ^^^^^^^^^^^^^^^^^^^^
[INFO] [stdout] 
[INFO] [stdout] 
[INFO] [stdout] error[E0614]: type `bool` cannot be dereferenced
[INFO] [stdout]   --> src/main.rs:94:17
[INFO] [stdout]    |
[INFO] [stdout] 94 |                 *LEAVE_ORIGINAL_FILE = true;
[INFO] [stdout]    |                 ^^^^^^^^^^^^^^^^^^^^
[INFO] [stdout] 
[INFO] [stdout] 
[INFO] [stdout] error[E0277]: can't compare `String` with `{integer}`
[INFO] [stdout]   --> src/main.rs:68:29
[INFO] [stdout]    |
[INFO] [stdout] 68 |             if input_buffer == 1 {
[INFO] [stdout]    |                             ^^ no implementation for `String == {integer}`
[INFO] [stdout]    |
[INFO] [stdout]    = help: the trait `PartialEq<{integer}>` is not implemented for `String`
[INFO] [stdout] 
[INFO] [stdout] 
[INFO] [stdout] error[E0614]: type `bool` cannot be dereferenced
[INFO] [stdout]   --> src/main.rs:69:17
[INFO] [stdout]    |
[INFO] [stdout] 69 |                 *PROCESS_ZIP = true;
[INFO] [stdout]    |                 ^^^^^^^^^^^^
[INFO] [stdout] 
[INFO] [stdout] 
[INFO] [stdout] error[E0614]: type `bool` cannot be dereferenced
[INFO] [stdout]   --> src/main.rs:70:17
[INFO] [stdout]    |
[INFO] [stdout] 70 |                 *PROCESS_RAR = false;
[INFO] [stdout]    |                 ^^^^^^^^^^^^
[INFO] [stdout] 
[INFO] [stdout] 
[INFO] [stdout] error[E0277]: can't compare `String` with `{integer}`
[INFO] [stdout]   --> src/main.rs:71:36
[INFO] [stdout]    |
[INFO] [stdout] 71 |             } else if input_buffer == 2 {
[INFO] [stdout]    |                                    ^^ no implementation for `String == {integer}`
[INFO] [stdout]    |
[INFO] [stdout]    = help: the trait `PartialEq<{integer}>` is not implemented for `String`
[INFO] [stdout] 
[INFO] [stdout] 
[INFO] [stdout] error[E0614]: type `bool` cannot be dereferenced
[INFO] [stdout]   --> src/main.rs:72:17
[INFO] [stdout]    |
[INFO] [stdout] 72 |                 *PROCESS_ZIP = false;
[INFO] [stdout]    |                 ^^^^^^^^^^^^
[INFO] [stdout] 
[INFO] [stdout] 
[INFO] [stdout] error[E0614]: type `bool` cannot be dereferenced
[INFO] [stdout]   --> src/main.rs:73:17
[INFO] [stdout]    |
[INFO] [stdout] 73 |                 *PROCESS_RAR = true;
[INFO] [stdout]    |                 ^^^^^^^^^^^^
[INFO] [stdout] 
[INFO] [stdout] 
[INFO] [stdout] error: aborting due to 27 previous errors; 2 warnings emitted
[INFO] [stdout] 
[INFO] [stdout] 
[INFO] [stdout] Some errors have detailed explanations: E0277, E0308, E0369, E0425, E0614.
[INFO] [stdout] 
[INFO] [stdout] For more information about an error, try `rustc --explain E0277`.
[INFO] [stdout] 
[INFO] [stdout] error[E0277]: can't compare `String` with `{integer}`
[INFO] [stdout]   --> src/main.rs:74:36
[INFO] [stdout]    |
[INFO] [stdout] 74 |             } else if input_buffer == 3 {
[INFO] [stdout]    |                                    ^^ no implementation for `String == {integer}`
[INFO] [stdout]    |
[INFO] [stdout]    = help: the trait `PartialEq<{integer}>` is not implemented for `String`
[INFO] [stdout] 
[INFO] [stdout] 
[INFO] [stdout] error[E0614]: type `bool` cannot be dereferenced
[INFO] [stdout]   --> src/main.rs:75:17
[INFO] [stdout]    |
[INFO] [stdout] 75 |                 *PROCESS_ZIP = true;
[INFO] [stdout]    |                 ^^^^^^^^^^^^
[INFO] [stdout] 
[INFO] [stdout] 
[INFO] [stdout] error[E0614]: type `bool` cannot be dereferenced
[INFO] [stdout]   --> src/main.rs:76:17
[INFO] [stdout]    |
[INFO] [stdout] 76 |                 *PROCESS_RAR = true;
[INFO] [stdout]    |                 ^^^^^^^^^^^^
[INFO] [stdout] 
[INFO] [stdout] 
[INFO] [stdout] error[E0277]: can't compare `String` with `{integer}`
[INFO] [stdout]   --> src/main.rs:87:32
[INFO] [stdout]    |
[INFO] [stdout] 87 |         if file_setting_buffer == 1 {
[INFO] [stdout]    |                                ^^ no implementation for `String == {integer}`
[INFO] [stdout]    |
[INFO] [stdout]    = help: the trait `PartialEq<{integer}>` is not implemented for `String`
[INFO] [stdout] 
[INFO] [stdout] 
[INFO] [stdout] error[E0277]: can't compare `String` with `{integer}`
[INFO] [stdout]   --> src/main.rs:89:39
[INFO] [stdout]    |
[INFO] [stdout] 89 |         } else if file_setting_buffer == 2 {
[INFO] [stdout]    |                                       ^^ no implementation for `String == {integer}`
[INFO] [stdout]    |
[INFO] [stdout]    = help: the trait `PartialEq<{integer}>` is not implemented for `String`
[INFO] [stdout] 
[INFO] [stdout] 
[INFO] [stdout] error[E0614]: type `bool` cannot be dereferenced
[INFO] [stdout]   --> src/main.rs:91:17
[INFO] [stdout]    |
[INFO] [stdout] 91 |                 *LEAVE_ORIGINAL_FILE = false;
[INFO] [stdout]    |                 ^^^^^^^^^^^^^^^^^^^^
[INFO] [stdout] 
[INFO] [stdout] 
[INFO] [stdout] error[E0614]: type `bool` cannot be dereferenced
[INFO] [stdout]   --> src/main.rs:94:17
[INFO] [stdout]    |
[INFO] [stdout] 94 |                 *LEAVE_ORIGINAL_FILE = true;
[INFO] [stdout]    |                 ^^^^^^^^^^^^^^^^^^^^
[INFO] [stdout] 
[INFO] [stdout] 
[INFO] [stderr] error: could not compile `psychic-doodle`.
[INFO] [stderr] 
[INFO] [stderr] To learn more, run the command again with --verbose.
[INFO] [stderr] warning: build failed, waiting for other jobs to finish...
[INFO] [stdout] error: aborting due to 27 previous errors; 2 warnings emitted
[INFO] [stdout] 
[INFO] [stdout] 
[INFO] [stdout] Some errors have detailed explanations: E0277, E0308, E0369, E0425, E0614.
[INFO] [stdout] 
[INFO] [stdout] For more information about an error, try `rustc --explain E0277`.
[INFO] [stdout] 
[INFO] [stderr] error: build failed
[INFO] running `Command { std: "docker" "inspect" "284f895cf71a0079896c3c6777d6ae1422d3a27f08d364e6e923ac1be874d344", kill_on_drop: false }`
[INFO] running `Command { std: "docker" "rm" "-f" "284f895cf71a0079896c3c6777d6ae1422d3a27f08d364e6e923ac1be874d344", kill_on_drop: false }`
[INFO] [stdout] 284f895cf71a0079896c3c6777d6ae1422d3a27f08d364e6e923ac1be874d344
